 
{"id":3625,"date":"2023-08-21T14:08:48","date_gmt":"2023-08-21T14:08:48","guid":{"rendered":"https:\/\/catchart.be\/?page_id=3625"},"modified":"2023-11-17T13:20:15","modified_gmt":"2023-11-17T13:20:15","slug":"vente-privee-du-11-09-au-30-09","status":"publish","type":"page","link":"https:\/\/catchart.be\/nl\/vente-privee-du-11-09-au-30-09\/","title":{"rendered":"Vente priv\u00e9e du 11\/09 au 30\/09"},"content":{"rendered":"<p>D\u00e9couvrez ci-dessous la liste des oeuvres d&#8217;art concern\u00e9es par cette <strong>vente priv\u00e9e exceptionnelle<\/strong>.<br \/>\n<\/br><br \/>\nIl s&#8217;agit des oeuvres d&#8217;art que nous avons actuellement physiquement \u00e0 la galerie.<br \/>\n<\/br><br \/>\nIl est donc possible en cas de coup de coeur de prendre rdv via le <a href=\"https:\/\/catchart.be\/services\/\" target=\"_blank\" rel=\"noopener\">formulaire en ligne.<\/a><br \/>\n<\/br><br \/>\nVous aurez alors l&#8217;occasion de les voir dans l&#8217;environnement de notre maison-galerie, et de b\u00e9n\u00e9ficier d&#8217;une <strong>r\u00e9duction de -10% \u00e0 -15%<\/strong> en fonction des oeuvres.<br \/>\n<\/br><br \/>\nCette vente priv\u00e9e exceptionnelle est <strong>r\u00e9serv\u00e9e aux personnes d\u00e9j\u00e0 inscrites \u00e0 notre newsletter ou qui s&#8217;inscrivent maintenant<\/strong>.<\/p>\n<p>&nbsp;<br \/>\n<\/br><\/br><br \/>\nAu plaisir de vous accueillir!<br \/>\n<\/br><\/br><br \/>\nL&#8217;\u00e9quipe Catch-Art<\/p>\n","protected":false},"excerpt":{"rendered":"<p>D\u00e9couvrez ci-dessous la liste des oeuvres d&#8217;art concern\u00e9es par cette vente priv\u00e9e exceptionnelle. Il s&#8217;agit des oeuvres d&#8217;art que nous avons actuellement physiquement \u00e0 la galerie. Il est donc possible en cas de coup de coeur de prendre rdv via le formulaire en ligne. Vous aurez alors l&#8217;occasion de les voir dans l&#8217;environnement de notre [&hellip;]<\/p>\n","protected":false},"author":1,"featured_media":0,"parent":0,"menu_order":0,"comment_status":"closed","ping_status":"closed","template":"page-instant-promo.php","meta":{"footnotes":""},"class_list":["post-3625","page","type-page","status-publish","hentry"],"acf":[],"yoast_head":"<!-- This site is optimized with the Yoast SEO Premium plugin v26.4 (Yoast SEO v26.4) - https:\/\/yoast.com\/wordpress\/plugins\/seo\/ -->\n<title>Vente priv\u00e9e du 11\/09 au 30\/09 - Catch-art<\/title>\n<meta name=\"robots\" content=\"index, follow, max-snippet:-1, max-image-preview:large, max-video-preview:-1\" \/>\n<link rel=\"canonical\" href=\"https:\/\/catchart.be\/nl\/vente-privee-du-11-09-au-30-09\/\" \/>\n<meta property=\"og:locale\" content=\"nl_NL\" \/>\n<meta property=\"og:type\" content=\"article\" \/>\n<meta property=\"og:title\" content=\"Vente priv\u00e9e du 11\/09 au 30\/09\" \/>\n<meta property=\"og:description\" content=\"D\u00e9couvrez ci-dessous la liste des oeuvres d&#8217;art concern\u00e9es par cette vente priv\u00e9e exceptionnelle. Il s&#8217;agit des oeuvres d&#8217;art que nous avons actuellement physiquement \u00e0 la galerie. Il est donc possible en cas de coup de coeur de prendre rdv via le formulaire en ligne. Vous aurez alors l&#8217;occasion de les voir dans l&#8217;environnement de notre [&hellip;]\" \/>\n<meta property=\"og:url\" content=\"https:\/\/catchart.be\/nl\/vente-privee-du-11-09-au-30-09\/\" \/>\n<meta property=\"og:site_name\" content=\"Catch-art\" \/>\n<meta property=\"article:publisher\" content=\"https:\/\/www.facebook.com\/people\/CatchArt\/100063966426816\/\" \/>\n<meta property=\"article:modified_time\" content=\"2023-11-17T13:20:15+00:00\" \/>\n<meta name=\"twitter:card\" content=\"summary_large_image\" \/>\n<script type=\"application\/ld+json\" class=\"yoast-schema-graph\">{\"@context\":\"https:\/\/schema.org\",\"@graph\":[{\"@type\":\"WebPage\",\"@id\":\"https:\/\/catchart.be\/nl\/vente-privee-du-11-09-au-30-09\/\",\"url\":\"https:\/\/catchart.be\/nl\/vente-privee-du-11-09-au-30-09\/\",\"name\":\"Vente priv\u00e9e du 11\/09 au 30\/09 - Catch-art\",\"isPartOf\":{\"@id\":\"https:\/\/catchart.be\/#website\"},\"datePublished\":\"2023-08-21T14:08:48+00:00\",\"dateModified\":\"2023-11-17T13:20:15+00:00\",\"breadcrumb\":{\"@id\":\"https:\/\/catchart.be\/nl\/vente-privee-du-11-09-au-30-09\/#breadcrumb\"},\"inLanguage\":\"nl-NL\",\"potentialAction\":[{\"@type\":\"ReadAction\",\"target\":[\"https:\/\/catchart.be\/nl\/vente-privee-du-11-09-au-30-09\/\"]}]},{\"@type\":\"BreadcrumbList\",\"@id\":\"https:\/\/catchart.be\/nl\/vente-privee-du-11-09-au-30-09\/#breadcrumb\",\"itemListElement\":[{\"@type\":\"ListItem\",\"position\":1,\"name\":\"Home\",\"item\":\"https:\/\/catchart.be\/nl\/\"},{\"@type\":\"ListItem\",\"position\":2,\"name\":\"Vente priv\u00e9e du 11\/09 au 30\/09\"}]},{\"@type\":\"WebSite\",\"@id\":\"https:\/\/catchart.be\/#website\",\"url\":\"https:\/\/catchart.be\/\",\"name\":\"Catch-Art\",\"description\":\"Een unieke service om u te helpen uw kunstwerken te kopen\",\"publisher\":{\"@id\":\"https:\/\/catchart.be\/#organization\"},\"potentialAction\":[{\"@type\":\"SearchAction\",\"target\":{\"@type\":\"EntryPoint\",\"urlTemplate\":\"https:\/\/catchart.be\/?s={search_term_string}\"},\"query-input\":{\"@type\":\"PropertyValueSpecification\",\"valueRequired\":true,\"valueName\":\"search_term_string\"}}],\"inLanguage\":\"nl-NL\"},{\"@type\":\"Organization\",\"@id\":\"https:\/\/catchart.be\/#organization\",\"name\":\"Catch-Art\",\"url\":\"https:\/\/catchart.be\/\",\"logo\":{\"@type\":\"ImageObject\",\"inLanguage\":\"nl-NL\",\"@id\":\"https:\/\/catchart.be\/#\/schema\/logo\/image\/\",\"url\":\"https:\/\/catchart.be\/app\/uploads\/2023\/04\/logo.png\",\"contentUrl\":\"https:\/\/catchart.be\/app\/uploads\/2023\/04\/logo.png\",\"width\":630,\"height\":117,\"caption\":\"Catch-Art\"},\"image\":{\"@id\":\"https:\/\/catchart.be\/#\/schema\/logo\/image\/\"},\"sameAs\":[\"https:\/\/www.facebook.com\/people\/CatchArt\/100063966426816\/\"]}]}<\/script>\n<!-- \/ Yoast SEO Premium plugin. -->","yoast_head_json":{"title":"Vente priv\u00e9e du 11\/09 au 30\/09 - Catch-art","robots":{"index":"index","follow":"follow","max-snippet":"max-snippet:-1","max-image-preview":"max-image-preview:large","max-video-preview":"max-video-preview:-1"},"canonical":"https:\/\/catchart.be\/nl\/vente-privee-du-11-09-au-30-09\/","og_locale":"nl_NL","og_type":"article","og_title":"Vente priv\u00e9e du 11\/09 au 30\/09","og_description":"D\u00e9couvrez ci-dessous la liste des oeuvres d&#8217;art concern\u00e9es par cette vente priv\u00e9e exceptionnelle. Il s&#8217;agit des oeuvres d&#8217;art que nous avons actuellement physiquement \u00e0 la galerie. Il est donc possible en cas de coup de coeur de prendre rdv via le formulaire en ligne. Vous aurez alors l&#8217;occasion de les voir dans l&#8217;environnement de notre [&hellip;]","og_url":"https:\/\/catchart.be\/nl\/vente-privee-du-11-09-au-30-09\/","og_site_name":"Catch-art","article_publisher":"https:\/\/www.facebook.com\/people\/CatchArt\/100063966426816\/","article_modified_time":"2023-11-17T13:20:15+00:00","twitter_card":"summary_large_image","schema":{"@context":"https:\/\/schema.org","@graph":[{"@type":"WebPage","@id":"https:\/\/catchart.be\/nl\/vente-privee-du-11-09-au-30-09\/","url":"https:\/\/catchart.be\/nl\/vente-privee-du-11-09-au-30-09\/","name":"Vente priv\u00e9e du 11\/09 au 30\/09 - Catch-art","isPartOf":{"@id":"https:\/\/catchart.be\/#website"},"datePublished":"2023-08-21T14:08:48+00:00","dateModified":"2023-11-17T13:20:15+00:00","breadcrumb":{"@id":"https:\/\/catchart.be\/nl\/vente-privee-du-11-09-au-30-09\/#breadcrumb"},"inLanguage":"nl-NL","potentialAction":[{"@type":"ReadAction","target":["https:\/\/catchart.be\/nl\/vente-privee-du-11-09-au-30-09\/"]}]},{"@type":"BreadcrumbList","@id":"https:\/\/catchart.be\/nl\/vente-privee-du-11-09-au-30-09\/#breadcrumb","itemListElement":[{"@type":"ListItem","position":1,"name":"Home","item":"https:\/\/catchart.be\/nl\/"},{"@type":"ListItem","position":2,"name":"Vente priv\u00e9e du 11\/09 au 30\/09"}]},{"@type":"WebSite","@id":"https:\/\/catchart.be\/#website","url":"https:\/\/catchart.be\/","name":"Catch-Art","description":"Een unieke service om u te helpen uw kunstwerken te kopen","publisher":{"@id":"https:\/\/catchart.be\/#organization"},"potentialAction":[{"@type":"SearchAction","target":{"@type":"EntryPoint","urlTemplate":"https:\/\/catchart.be\/?s={search_term_string}"},"query-input":{"@type":"PropertyValueSpecification","valueRequired":true,"valueName":"search_term_string"}}],"inLanguage":"nl-NL"},{"@type":"Organization","@id":"https:\/\/catchart.be\/#organization","name":"Catch-Art","url":"https:\/\/catchart.be\/","logo":{"@type":"ImageObject","inLanguage":"nl-NL","@id":"https:\/\/catchart.be\/#\/schema\/logo\/image\/","url":"https:\/\/catchart.be\/app\/uploads\/2023\/04\/logo.png","contentUrl":"https:\/\/catchart.be\/app\/uploads\/2023\/04\/logo.png","width":630,"height":117,"caption":"Catch-Art"},"image":{"@id":"https:\/\/catchart.be\/#\/schema\/logo\/image\/"},"sameAs":["https:\/\/www.facebook.com\/people\/CatchArt\/100063966426816\/"]}]}},"_links":{"self":[{"href":"https:\/\/catchart.be\/nl\/wp-json\/wp\/v2\/pages\/3625","targetHints":{"allow":["GET"]}}],"collection":[{"href":"https:\/\/catchart.be\/nl\/wp-json\/wp\/v2\/pages"}],"about":[{"href":"https:\/\/catchart.be\/nl\/wp-json\/wp\/v2\/types\/page"}],"author":[{"embeddable":true,"href":"https:\/\/catchart.be\/nl\/wp-json\/wp\/v2\/users\/1"}],"replies":[{"embeddable":true,"href":"https:\/\/catchart.be\/nl\/wp-json\/wp\/v2\/comments?post=3625"}],"version-history":[{"count":0,"href":"https:\/\/catchart.be\/nl\/wp-json\/wp\/v2\/pages\/3625\/revisions"}],"wp:attachment":[{"href":"https:\/\/catchart.be\/nl\/wp-json\/wp\/v2\/media?parent=3625"}],"curies":[{"name":"wp","href":"https:\/\/api.w.org\/{rel}","templated":true}]}}

Vente privée du 11/09 au 30/09

<p>Découvrez ci-dessous la liste des oeuvres d&#8217;art concernées par cette <strong>vente privée exceptionnelle</strong>.<br />
</br><br />
Il s&#8217;agit des oeuvres d&#8217;art que nous avons actuellement physiquement à la galerie.<br />
</br><br />
Il est donc possible en cas de coup de coeur de prendre rdv via le <a href="https://catchart.be/services/" target="_blank" rel="noopener">formulaire en ligne.</a><br />
</br><br />
Vous aurez alors l&#8217;occasion de les voir dans l&#8217;environnement de notre maison-galerie, et de bénéficier d&#8217;une <strong>réduction de -10% à -15%</strong> en fonction des oeuvres.<br />
</br><br />
Cette vente privée exceptionnelle est <strong>réservée aux personnes déjà inscrites à notre newsletter ou qui s&#8217;inscrivent maintenant</strong>.</p>
<p>&nbsp;<br />
</br></br><br />
Au plaisir de vous accueillir!<br />
</br></br><br />
L&#8217;équipe Catch-Art</p>

<p>Découvrez ci-dessous la liste des oeuvres d&#8217;art concernées par cette vente privée exceptionnelle. Il s&#8217;agit des oeuvres d&#8217;art que nous avons actuellement physiquement à la galerie. Il est donc possible en cas de coup de coeur de prendre rdv via le formulaire en ligne. Vous aurez alors l&#8217;occasion de les voir dans l&#8217;environnement de notre [&hellip;]</p>

<!-- This site is optimized with the Yoast SEO Premium plugin v26.4 (Yoast SEO v26.4) - https://yoast.com/wordpress/plugins/seo/ -->
<title>Vente privée du 11/09 au 30/09 - Catch-art</title>
<meta name="robots" content="index, follow, max-snippet:-1, max-image-preview:large, max-video-preview:-1" />
<link rel="canonical" href="https://catchart.be/nl/vente-privee-du-11-09-au-30-09/" />
<meta property="og:locale" content="nl_NL" />
<meta property="og:type" content="article" />
<meta property="og:title" content="Vente privée du 11/09 au 30/09" />
<meta property="og:description" content="Découvrez ci-dessous la liste des oeuvres d&#8217;art concernées par cette vente privée exceptionnelle. Il s&#8217;agit des oeuvres d&#8217;art que nous avons actuellement physiquement à la galerie. Il est donc possible en cas de coup de coeur de prendre rdv via le formulaire en ligne. Vous aurez alors l&#8217;occasion de les voir dans l&#8217;environnement de notre [&hellip;]" />
<meta property="og:url" content="https://catchart.be/nl/vente-privee-du-11-09-au-30-09/" />
<meta property="og:site_name" content="Catch-art" />
<meta property="article:publisher" content="https://www.facebook.com/people/CatchArt/100063966426816/" />
<meta property="article:modified_time" content="2023-11-17T13:20:15+00:00" />
<meta name="twitter:card" content="summary_large_image" />
<script type="application/ld+json" class="yoast-schema-graph">{"@context":"https://schema.org","@graph":[{"@type":"WebPage","@id":"https://catchart.be/nl/vente-privee-du-11-09-au-30-09/","url":"https://catchart.be/nl/vente-privee-du-11-09-au-30-09/","name":"Vente privée du 11/09 au 30/09 - Catch-art","isPartOf":{"@id":"https://catchart.be/#website"},"datePublished":"2023-08-21T14:08:48+00:00","dateModified":"2023-11-17T13:20:15+00:00","breadcrumb":{"@id":"https://catchart.be/nl/vente-privee-du-11-09-au-30-09/#breadcrumb"},"inLanguage":"nl-NL","potentialAction":[{"@type":"ReadAction","target":["https://catchart.be/nl/vente-privee-du-11-09-au-30-09/"]}]},{"@type":"BreadcrumbList","@id":"https://catchart.be/nl/vente-privee-du-11-09-au-30-09/#breadcrumb","itemListElement":[{"@type":"ListItem","position":1,"name":"Home","item":"https://catchart.be/nl/"},{"@type":"ListItem","position":2,"name":"Vente privée du 11/09 au 30/09"}]},{"@type":"WebSite","@id":"https://catchart.be/#website","url":"https://catchart.be/","name":"Catch-Art","description":"Een unieke service om u te helpen uw kunstwerken te kopen","publisher":{"@id":"https://catchart.be/#organization"},"potentialAction":[{"@type":"SearchAction","target":{"@type":"EntryPoint","urlTemplate":"https://catchart.be/?s={search_term_string}"},"query-input":{"@type":"PropertyValueSpecification","valueRequired":true,"valueName":"search_term_string"}}],"inLanguage":"nl-NL"},{"@type":"Organization","@id":"https://catchart.be/#organization","name":"Catch-Art","url":"https://catchart.be/","logo":{"@type":"ImageObject","inLanguage":"nl-NL","@id":"https://catchart.be/#/schema/logo/image/","url":"https://catchart.be/app/uploads/2023/04/logo.png","contentUrl":"https://catchart.be/app/uploads/2023/04/logo.png","width":630,"height":117,"caption":"Catch-Art"},"image":{"@id":"https://catchart.be/#/schema/logo/image/"},"sameAs":["https://www.facebook.com/people/CatchArt/100063966426816/"]}]}</script>
<!-- / Yoast SEO Premium plugin. -->

Vente privée du 11/09 au 30/09 - Catch-art

Découvrez ci-dessous la liste des oeuvres d&#8217;art concernées par cette vente privée exceptionnelle. Il s&#8217;agit des oeuvres d&#8217;art que nous avons actuellement physiquement à la galerie. Il est donc possible en cas de coup de coeur de prendre rdv via le formulaire en ligne. Vous aurez alors l&#8217;occasion de les voir dans l&#8217;environnement de notre [&hellip;]
